inder when h is divided by o?
1
Let y(z) = z**3 + 11*z**2 + 10*z - 1. Let f be y(-10). Let q(g) = -51*g - 2. Calculate the remainder when q(f) is divided by 25.
24
Suppose 5*y + 2*q + 84 = q, 4*y = -2*q - 72. Let k = y - -75. What is the remainder when k is divided by 15?
14
Suppose g + 0 = 2. Let o = -56 + 37. Let a = -17 - o. Calculate the remainder when a is divided by g.
0
Let x be (-20)/(-3)*18/(-15). What is the remainder when (x/20)/((-2)/320) is divided by 22?
20
Suppose 61*m + 16 = 62*m. Calculate the remainder when 110 is divided by m.
14
Suppose -3*i = -2*o + 4*o - 6, -5*o - 4*i + 15 = 0. What is the remainder when 4 is divided by o?
1
Let k = 30 - 13. What is the remainder when k is divided by 6?
5
Let j(p) = 0 - 28*p + 3 - 3 - 1. Calculate the remainder when j(-2) is divided by (2/(-4) - -1)*38.
17
Let n = 37 + -21. Suppose 5*j - 8 - 2 = 0. Suppose -3*r = q - 96, 4*r + q - 133 = -j*q. Calculate the remainder when r is divided by n.
15
Let t = 92 + -54. Let c(m) = 4*m - 14. What is the remainder when t is divided by c(6)?
8
Let q(c) = 3*c - 16. What is the remainder when 112 is divided by q(18)?
36
Suppose 0 = o - 4*j + 3, -4*j + 3*j = -2. Calculate the remainder when 12 is divided by o.
2
Suppose i = -g + 62, 4*i + 5*g - 395 + 146 = 0. Let q = 86 - i. Suppose -n - 4*j = -30, -2*j - 34 = -3*n - 0*j. What is the remainder when q is divided by n?
11
Let k(t) = 2*t**2 - 6*t. What is the remainder when (-1)/(-7) - 194/(-14) is divided by k(4)?
6
Let u(d) = 9*d. Suppose -3*g + 4*o + 2 = 1, -3*o = -2*g. What is the remainder when u(g) is divided by 10?
7
Let g = 13 - -16. Let z = -14 + g. What is the remainder when 42 is divided by z?
12
Suppose 6*h = 11 + 1. Suppose -f - 3*k = -12, -5*k = h*f + 3*f - 50. Let n(s) = -2*s - 5. Calculate the remainder when f is divided by n(-5).
4
Let m = 13 + 1. What is the remainder when 68 is divided by m?
12
Let m be (-2 + 3/(-1))*-1. Let i = -11 - -17. Calculate the remainder when (0 - m)*64/(-20) is divided by i.
4
Let s = 37 - 23. What is the remainder when 39 is divided by s?
11
Suppose 0 = -l + 1, 3*r - 16 = -5*l - 2. Calculate the remainder when r is divided by 2.
1
Let j(q) = q - 6. Let d = 2 - -7. What is the remainder when j(d) is divided by 2?
1
Let j(t) = -32*t**3 - 2*t - 1. What is the remainder when j(-1) is divided by 12?
9
Let q be (-5 + -4)*(-5)/3. Suppose -62 = -2*d + 2*g, -3*d - 5*g + 24 = -101. What is the remainder when d is divided by 186/q + (-6)/15?
11
Suppose 0 = 3*m + 5*b + 15, 15 = 2*m - 4*b + 3. Suppose -81 = -3*n - m*n. What is the remainder when n is divided by 6 - (3 + (-12)/3)?
6
Let a(v) = v**3 - 10*v**2 + 11*v - 13. Let p be a(9). Suppose p*m - 40 = 15. Suppose 2*w - 18 = -w. Calculate the remainder when m is divided by w.
5
Let o(l) = l**3 + 3*l**2 + l + 2. Let j be o(-3). What is the remainder when -1*5/j*3 is divided by 8?
7
Suppose 3*x + 2 = -184. Calculate the remainder when 31 is divided by 1/2 - x/4.
15
Let r = 32 + -27. What is the remainder when 14 is divided by r?
4
Let j = 8 + 4. Suppose -33 = -w - 2*b + 3*b, 5*w + 4*b = 183. Calculate the remainder when w is divided by j.
11
Suppose m - 4*m + 6 = -3*h, 20 = 3*m + 4*h. Suppose -m*u - 24 = 2*v, -3*v - 41 = 4*u - 3*u. Calculate the remainder when -3*14*v/12 is divided by 17.
15
Let l(c) = c - 2. Let i be l(3). Let u be (0 - 69)*i - 1. Let q = -32 - u. What is the remainder when q is divided by 20?
18
Let l = -7 + 33. What is the remainder when 49 is divided by l?
23
Suppose -9*j - 186 = -15*j. Calculate the remainder when 119 is divided by j.
26
Let n(g) = g + 56. Let y = -5 + 22. Calculate the remainder when n(-6) is divided by y.
16
Let r(n) = 7 - 1 + 2*n**2 - 2*n**2 + 2*n**2. What is the remainder when r(4) is divided by 20?
18
Suppose 0 = 2*b - 0*b. Suppose 0*y + 15 = h - 2*y, b = 2*y - 6. What is the remainder when h is divided by 11?
10
Let h = 10 + 4. What is the remainder when h is divided by 10?
4
Suppose 5*u - 1 = 14. Suppose -u*z + 4*g + 35 = 0, 3 = z + 2*g + g. What is the remainder when z is divided by 3?
0
Suppose 3*h + 2*h = 0. Suppose -t + 4 - 2 = h. Calculate the remainder when (2 + 0)*4/t is divided by 2.
0
Let b(j) = 4*j**2 - 2*j. Let v be (-2)/((-2)/1) - -1. What is the remainder when 22 is divided by b(v)?
10
Suppose -7*s + 106 = -3*s + 3*x, 4*s - 102 = -x. What is the remainder when 98 is divided by s?
23
Let s(m) = 2*m**2 + 8. What is the remainder when 21 is divided by s(0)?
5
Let t(y) = y**2 + 3*y - 1. Let p be t(5). Suppose o = -2*o + p. What is the remainder when 38 is divided by o?
12
Suppose 3*c + 40 = 52. What is the remainder when 38 is divided by c?
2
Suppose 5*l - 13 = -2*m, 5*m + 2*l - l - 90 = 0. What is the remainder when 36 is divided by m?
17
Let x(u) = u - 1. Let l(m) = m + 2. Let n be l(-6). Let c be x(n). Let k(i) = i**2 + 3*i + 1. Calculate the remainder when k(c) is divided by 4.
3
Let a(g) = -4 - 9*g - 6*g**2 + g**2 + 4*g**2. What is the remainder when 17 is divided by a(-7)?
7
Let k = 65 - 30. What is the remainder when k is divided by 3?
2
Let w be (3 - 4) + (-8)/(-2). Suppose 3*l + w*d - 21 = 0, -5*l - d = -9 - 30. Calculate the remainder when 22 is divided by l.
6
Suppose -2*n = -4*n + 24. Calculate the remainder when n is divided by 5.
2
Let f(i) = 16*i**3 + 13*i**2 - 4*i + 15. Let y(j) = -8*j**3 - 6*j**2 + 2*j - 7. Let g(n) = -6*f(n) - 13*y(n). What is the remainder when 13 is divided by g(1)?
6
Let x(l) be the third derivative of l**5/60 + l**4/8 + l**3/2 - 4*l**2. Calculate the remainder when 3 is divided by x(-2).
0
Let d(m) = m**2 - m - 5. Suppose -5*h + 377 = o, -383 = -5*h + 3*o - 2*o. What is the remainder when h*(-1 - -2) + -3 is divided by d(-5)?
23
Suppose 0 = -3*i + 2 + 4. Suppose -4 = -3*m - 5*h, i*m = -0*m + 3*h + 9. Calculate the remainder when (-22)/(-6)*(9 - 6) is divided by m.
2
Suppose 4*h = 3*h - 3*z - 12, -5*z - 37 = -4*h. Let n be 0 - h/(3/20). Let s = n - -43. Calculate the remainder when s is divided by 8.
7
Suppose j = -2*r + 27, 3*r + 5*j - 20 - 17 = 0. Calculate the remainder when 51 is divided by r.
9
Let r(w) = w - 4. Let s be r(8). Suppose 31 = s*c - 0*q + q, q = 3*c - 25. What is the remainder when 28 is divided by c?
4
Suppose s - 8 = 11. Calculate the remainder when 35 is divided by s.
16
Let z be 10/2*(-1 + 0). Let r = 1 - z. Calculate the remainder when 16 is divided by r.
4
Let x = -3 - -18. What is the remainder when 57 is divided by x?
12
Let v(f) = -f**3 + 14*f**2 - 10*f + 2. Let x(p) = -p**3 + 13*p**2 - 10*p + 2. Let d(y) = 4*v(y) - 5*x(y). What is the remainder when 27 is divided by d(8)?
13
Suppose -4*r = -3*r + 3*z - 6, -5*r - 3*z + 54 = 0. What is the remainder when 43 is divided by r?
7
Suppose -5*j + 2*c + 79 = 0, -36 - 2 = -2*j + 4*c. What is the remainder when 72 is divided by j?
12
Let x(b) = b + 12. Let r be x(-8). What is the remainder when 41 is divided by -7*(-12 + 0)/r?
20
Let r = 9 + 3. Let v = 28 + -6. Calculate the remainder when v is divided by r.
10
Suppose -5*n + 2*n = -4*y, 4*y = 5*n. Suppose 0 = -y*p - 2*p - 4*a + 10, -3*a = 6. Calculate the remainder when 25 is divided by p.
7
Let r(j) = j**2. Let z be 1/((-1)/2*1). What is the remainder when r(z) is divided by 2?
0
Let u = 72 + -49. Calculate the remainder when 45 is divided by u.
22
Let t be (2 + -2)/(1 + -2). Suppose t = c + 1, c = 4*o + 5*c - 28. Calculate the remainder when 14 is divided by o.
6
Suppose -88 = 2*t + 36. Let x = 132 + t. What is the remainder when x is divided by 24?
22
Suppose -1 = 3*c - 19. Suppose s - 5 - 5 = 0. What is the remainder when (28/(-3))/((-2)/c) is divided by s?
8
Let s(m) = -m**3 + 5*m**2 - 3*m + 3. Let n = -2 - -5. Calculate the remainder when s(n) is divided by 5.
2
What is the remainder when (-1)/(-3 + 366/123) is divided by 14?
13
Let i = 43 - -9. Let c be (33/22)/((-2)/(-20)). Let t = 33 - c. Calculate the remainder when i is divided by t.
16
Let x = -6 + 9. Suppose -19 = -x*g + 17. What is the remainder when g is divided by 9 - 2*(-1)/(-1)?
5
Suppose 5*h + 2*w + 22 = -13, -7 = h - 2*w. Let u = -5 - h. Calculate the remainder when u is divided by (-4)/10 - (-42)/30.
0
Let s(q) = -q**2 - 9*q - 10. Let n be s(-7). Suppose x - 5*p + 10 = 0, -n*p - 5 = -2*x + p. What is the remainder when x is divided by 8?
7
